ivided by d.
8
Let w be (-8)/(-3)*(40 - 5 - 5). Let l = 106 - w. Calculate the remainder when l is divided by 15.
11
Suppose 2*g - 20 = -2*g. Let y(p) = 2*p + 6. Suppose -2*o + 0 - 1 = h, 3*h - 4*o = 47. What is the remainder when y(g) is divided by h?
7
Suppose 18 + 12 = -2*n + 5*c, -5*c = -10. Let i be 13 + -17 + 1*n. Let o = 3 - i. Calculate the remainder when o is divided by 9.
8
Let u(h) = h**2 - 35*h + 315. Calculate the remainder when u(25) is divided by 57.
8
Suppose 0 = 15*q - 727 + 277. Calculate the remainder when (-1 + -1)*-44 - 0 is divided by q.
28
Let c = -18 - -8. What is the remainder when ((-54)/45)/(3/c) is divided by 2?
0
Calculate the remainder when 442 is divided by 3/(-6) - (-850)/68.
10
Suppose 2*i = 139 - 31. Suppose -84*r = -1887 + 39. Calculate the remainder when i is divided by r.
10
Suppose 5*i - 5*u + 34 = -51, -5*u + 31 = -2*i. Let r = 13 + i. What is the remainder when 31 is divided by ((-85)/r)/(1 + 0)?
14
Suppose 4*b - 6 = 34. Let t be 459/45 + (-2)/b. What is the remainder when (-1377)/(-45) - 6/t is divided by 11?
8
Let i = -168 - -217. Let y = 60 - 41. Calculate the remainder when i is divided by y.
11
Let u be (-469)/9 - 23/(-207). Let i = -9 - u. Let t = 81 - i. Calculate the remainder when 73 is divided by t.
35
Suppose -52 = d - 5*d. Suppose -m + 4*p + d = 0, 11 = -0*m + m - 3*p. Calculate the remainder when 14 is divided by m.
4
Let m = -733 - -745. Calculate the remainder when 35 is divided by m.
11
Let q be (-6)/(-5)*-1*-10. Suppose 3*n - q = 3. Suppose n*d - 2*k - 160 = -20, 2*k + 10 = 0. Calculate the remainder when d is divided by 7.
5
Let n(b) = 2*b**3 - 4*b**2 - b - 1. Suppose 2*f = -3*y - 1, -5*f - 6 - 4 = 5*y. Calculate the remainder when 40 is divided by n(y).
12
Let t(w) = -w**3 - 14*w**2 - 19*w + 17. Let q be t(-12). Let p = q + 59. Calculate the remainder when p is divided by (-99)/(-12) - 3/(-4).
7
Let u(c) = 1. Let j(h) = -41*h + 32. Let n(i) = -j(i) + 4*u(i). Calculate the remainder when n(3) is divided by 14.
11
Let c(r) = r**3 - 28*r**2 - 51*r - 55. What is the remainder when c(30) is divided by 18?
17
Let t = 51 - 47. What is the remainder when 13 - (5 + (-2)/1) is divided by t?
2
Suppose -a + 6 = s, -a - 16 = 4*s - 5*a. Calculate the remainder when 114 is divided by 3/s + 3 + 23.
27
Let s(t) = -11*t**2 - 3*t - 3. Let z be s(2). What is the remainder when (-4)/((-4)/z)*5/(-5) is divided by 14?
11
Suppose 2*r + r = 24. Calculate the remainder when 11 is divided by r.
3
Let d(o) = -o**3 + 10*o**2 - 6*o + 3. Calculate the remainder when d(9) is divided by 12.
6
Let j = -548 + 630. Calculate the remainder when 323 is divided by j.
77
Suppose -w + 2*w + n = 54, -3*n - 58 = -w. What is the remainder when w is divided by (-35)/(-5)*(1 + 3)?
27
Let g = -96 + 126. Let p be (33/(-6))/((-2)/(-4)). Let q = 22 + p. What is the remainder when g is divided by q?
8
Let j(n) = 3*n - 3. Let h be j(2). Let x = 1 + h. Suppose -3*p + 4*p - 8 = 0. Calculate the remainder when p is divided by x.
0
Let j be (-1 + 14)*(6 + -7). Let n(s) = -s - 10. Let h be n(j). Suppose -4*t - h*p - 2*p = -35, 5*p = 2*t - 25. Calculate the remainder when t is divided by 6.
4
Let n(f) = 32*f**2 + 2*f - 3. Suppose -19 = 2*r + 5*x, 15 = -3*r - 0*r - 3*x. What is the remainder when n(r) is divided by 31?
28
Calculate the remainder when 0 + 0 + -11 + (31 - 8) is divided by 10.
2
Suppose -356*x = -351*x - 25. Calculate the remainder when 9 is divided by x.
4
Let t be 10 - 1 - 5/5. Suppose 5*l - t - 17 = 0. Suppose 19 = h + l*j, 2*h + 3*j - 25 = -1. Calculate the remainder when 24 is divided by h.
6
Suppose -2*m = -i - i + 36, -2*m + 76 = 5*i. Suppose -22*d = -161 - 499. Calculate the remainder when d is divided by i.
14
Let s = 62 - 54. Calculate the remainder when 157 is divided by s.
5
Let y(p) = p**3 - 6*p**2 - p + 5. Let q be y(6). Let n(v) = v**3 + 6*v**2 + 4*v - 1. What is the remainder when q - (-2*1 + -10) is divided by n(-5)?
3
Let z be (-70)/3*(-27)/6. Suppose 0 = 5*u + 2*d - 4*d - z, u = 2*d + 29. Suppose -20*h = -30*h + 100. What is the remainder when u is divided by h?
9
Let w be ((-18)/10)/((-5)/(-25)). Suppose 3*p = 4*o + 20, -6*p + 4*o + 20 = -p. Calculate the remainder when 47 is divided by 13 + (p - w/3).
15
Let s = -40 - -58. Suppose -2*d = -36 - s. Calculate the remainder when 134 is divided by d.
26
Suppose 0 = -14*j + 13*j - 15. What is the remainder when 6/(-15) + (-621)/j is divided by 11?
8
Let l(v) = 5*v - 14. Suppose -30 = -5*x + 4*j, -5*x - j - 3*j + 30 = 0. Calculate the remainder when l(x) is divided by 6.
4
Let f(w) = w**3 - 2*w**2 - w - 4. Let a be f(-2). Let b = a - -32. Suppose 5*i - b = -2*n + 3*i, -2*n + 8 = -i. What is the remainder when 33 is divided by n?
3
Let p = -742 + 810. Calculate the remainder when 118 is divided by p.
50
Suppose 63 = -5*r - 47. Let y = 23 + r. What is the remainder when 2 is divided by y?
0
Let o(m) = 4*m**2 - 8*m - 60. Calculate the remainder when 97 is divided by o(-4).
25
Suppose 0 = 5*g + 57 - 202. Let x = g + -26. Suppose -5*o = -l + 10, -5*o + 3 = x*l - 7. What is the remainder when 13 is divided by l?
3
Suppose 143 = 3*v - 2*k, -3*v + 87 = -v - 3*k. Suppose 0 = -3*f + 9 + v. Let m(b) = 2*b**2 - 4*b - 5. What is the remainder when f is divided by m(4)?
9
Let u(f) = -f + 8. Let w be (-2)/3*(-60)/(-8). What is the remainder when 61 is divided by u(w)?
9
Let h = -24 - -41. Let o be (303/6)/(-2 - 5/(-2)). Let q = o + -36. What is the remainder when q is divided by h?
14
Let i = -311 - -435. Calculate the remainder when i is divided by 16.
12
Suppose 0 = 2*g - 0*g - 18. Let t = g + -7. Suppose t*m = 0, -350 = -5*f + 6*m - 4*m. What is the remainder when f is divided by 18?
16
Suppose f = -0*f + 3. Let t be (8 - f)*48/20. Let l(j) = j**3 - 12*j**2 + 2*j. What is the remainder when l(t) is divided by 9?
6
What is the remainder when ((-2)/(-18))/((-56)/(-252))*122 is divided by 13?
9
Let i(z) = 5*z**2 - z + 2. Let j be i(-2). Let v = j - 24. Suppose v*q = 4*q - 152. Calculate the remainder when q is divided by 20.
18
Calculate the remainder when (-3 - -6)*84/4 is divided by 5.
3
Let f(x) = 2*x**2 - 8*x + 36. What is the remainder when 115 is divided by f(3)?
25
Suppose -2*g = -3*t - 142 + 707, 5*t = 3*g + 940. Calculate the remainder when t is divided by 34.
15
Let y be 88 - (2/4)/(4/(-8)). Suppose -183 = -8*p + y. Calculate the remainder when 305 is divided by p.
33
Let m = 32 + -28. Suppose 0 = 4*q, 4*r + 5*q - 8 = m*q. Suppose -11 = -3*u - w - 0, -8 = r*w. Calculate the remainder when 23 is divided by u.
3
What is the remainder when 28 is divided by 2/8 - ((-153)/12 + 0)?
2
Suppose -2*n - 24 = -6*n. Let z(p) = -p**3 + 6*p**2 + 3*p + 2. Let f be z(n). Let t = -8 + f. Calculate the remainder when 59 is divided by t.
11
Suppose 0 = -4*g + 12 - 4. Let c be 2*(-2)/(-2)*g. Suppose -112 = -3*t + c*r, -t - 2*r + 178 = 4*t. What is the remainder when t is divided by 19?
17
Let u be 3 - 0 - (2 - 1). Suppose -q - 54 = -g, -g + 6*g - u*q = 270. Calculate the remainder when g is divided by 14.
12
Suppose 19*m = 17*m + 70. Let l = 7 + 2. What is the remainder when m is divided by l?
8
Let x(v) = v**2 + 45. Let s be x(0). Suppose 2*j + 3*p - 58 = 0, j + 2*p + 78 = 3*j. Suppose -j = -5*z + s. What is the remainder when 62 is divided by z?
14
Let l(i) = -i**2 - 27*i - 106. Suppose -3*a + 3 = -0*a, 3*a - 13 = -2*s. Suppose 11 = 2*k - s. What is the remainder when l(-6) is divided by k?
4
Let o be -1 - 2 - (-1 + -421). Suppose 5*c = 4*c + o. Suppose -153 = -4*y + c. Calculate the remainder when y is divided by 36.
35
Let t(a) = 57*a**3 - 4*a**2 + 7*a + 8. Let h be t(-6). Let s be (-4)/(-10) - h/25. What is the remainder when (s/(-6))/(2/(-3)) is divided by 32?
29
Let j(m) = m**3 + 11*m**2 - 3*m - 3. What is the remainder when 85 is divided by j(-11)?
25
Suppose 0 = -3*o + 578 + 238. What is the remainder when o is divided by 11?
8
Let x = 28 - -137. Suppose -f = 2*f - x. What is the remainder when f is divided by 14?
13
Let t(l) be the first derivative of l**3/3 + l**2 - 6*l - 1. Suppose -3*f + 85 = -68. Calculate the remainder when f is divided by t(4).
15
Suppose 4*y = -3*u + 8, -3*y = -u - y + 16. What is the remainder when -20*(42/(-35))/(u/30) is divided by 23?
21
Suppose -12